16
Let u(s) = 95*s + 6. Give u(0).
6
Let x(y) = 2*y**2 + 3*y - 7. What is x(-4)?
13
Let q(y) = -y**2 + 114*y - 440. Give q(4).
0
Let r(z) = z - 23. Determine r(-11).
-34
Let w(s) = -s**3 + 4*s**2 - 2*s + 2. Determine w(4).
-6
Let m(u) = -15*u + 54. Determine m(4).
-6
Let w(a) = -4*a**2 + 3. Determine w(-3).
-33
Let m(k) = -5*k - 21. Give m(-7).
14
Let t(w) = -w - 6. Give t(-3).
-3
Let k(o) = 2*o**2 - 15*o - 1. Calculate k(7).
-8
Let o(h) = -5*h + 117. Calculate o(24).
-3
Let g(i) = -i**2 - 2*i - 6. What is g(-2)?
-6
Let b(q) = -q**2 - 3*q - 13. What is b(-6)?
-31
Let n(v) = -v**3 + 12*v**2 + 11*v + 14. Give n(13).
-12
Let l(p) = -p + 39. Give l(7).
32
Let t(u) = u - 9. Determine t(-16).
-25
Let l(v) = 2*v + 28. Calculate l(-12).
4
Let d(a) = 24*a + 23. What is d(1)?
47
Let s(v) = -2*v - 31. Give s(0).
-31
Let c(f) = -f**3 - 7*f**2 - 8*f - 14. Give c(-6).
-2
Let t(f) = f**2 + 8*f - 17. Calculate t(-10).
3
Let l(u) = -u**2 - 3*u - 4. Give l(3).
-22
Let r(m) = -34*m**3 + 2*m + 1. Give r(-1).
33
Let y(i) = 11*i - 1. Determine y(3).
32
Let x(i) = i**2 - 6*i. What is x(9)?
27
Let k(y) = 2*y - 2. What is k(5)?
8
Let h(z) = z**3 - 10*z**2 + 5*z - 6. Give h(9).
-42
Let w(y) = -y**2 - 19*y - 26. What is w(-2)?
8
Let d(n) = 2*n**2 + 7*n - 3. Give d(-4).
1
Let d(j) = j**2 + 27*j + 80. Determine d(-24).
8
Let h(f) = -f**2 - 10*f + 3. What is h(-5)?
28
Let d(b) = b**3 + 2*b**2 - 2*b + 3. What is d(-4)?
-21
Let w(p) = 11*p**2 - 35*p - 27. Determine w(4).
9
Let i(y) = 5*y**2 - 15*y + 4. Calculate i(2).
-6
Let r(c) = 4*c + 6. Calculate r(4).
22
Let u(n) = -n**3 - 11*n**2 - 9*n + 13. What is u(-10)?
3
Let m(w) = -w**2 - 5*w - 6. What is m(-6)?
-12
Let v(c) = 15*c + 60. What is v(-4)?
0
Let b(i) = 2*i + 2. Calculate b(-7).
-12
Let m(b) = -b**3 - 7*b**2 + 10*b + 7. What is m(-7)?
-63
Let u(s) = s**3 - 3*s**2 + 9*s + 4. Give u(3).
31
Let m(d) = d**3 + d**2 - 20. Calculate m(0).
-20
Let g(l) = -2*l**3 + 6*l + 1. Give g(-2).
5
Let k(o) = 2*o**3 - 13*o**2 + 7*o - 8. Determine k(6).
-2
Let p(r) = -r + 5. What is p(6)?
-1
Let v(r) = -r**2 + 7*r - 11. Give v(3).
1
Let a(o) = 7*o**3 + 2*o**2 + o - 2. Calculate a(1).
8
Let q(s) = s - 13. Calculate q(6).
-7
Let f(d) = d + 11. What is f(-7)?
4
Let y(r) = 17*r**2 - 3*r + 1. Determine y(1).
15
Let f(k) = 2*k**2 - k - 16. Determine f(4).
12
Let p(u) = u**3 + 18*u**2 + 4*u + 34. What is p(-18)?
-38
Let f(y) = -y**2 - 6*y + 16. Calculate f(-9).
-11
Let v(c) = -c**3 + 9*c**2 + 5*c - 58. Calculate v(9).
-13
Let j(r) = 2*r**2 + 33*r + 128. Determine j(-11).
7
Let d(f) = f**3 + 6*f**2 - 6*f + 1. Give d(-7).
-6
Let w(a) = a**2 + 12*a - 46. Calculate w(-15).
-1
Let y(v) = -v**3 + 7*v**2 + 4*v + 15. Determine y(8).
-17
Let v(p) = -p**2 + 20*p - 44. What is v(17)?
7
Let w(y) = 3*y**2 + 14*y + 24. Determine w(-2).
8
Let g(o) = -o**3 - 6*o**2 + o + 8. Calculate g(-6).
2
Let q(b) = -5*b**2 - 8*b - 6. What is q(-1)?
-3
Let z(v) = -v - 24. Determine z(0).
-24
Let p(n) = -n**3 - 20*n**2 - 25*n - 116. Determine p(-19).
-2
Let n(l) = -5*l + 1. Calculate n(2).
-9
Let b(u) = -3*u**3 - 14*u**2 - 8*u - 10. Determine b(-4).
-10
Let y(q) = 8*q - 1. Determine y(-1).
-9
Let z(m) = 10*m + 50. Give z(4).
90
Let f(v) = 8*v - 164. Determine f(20).
-4
Let g(s) = -s**2 + 29*s - 91. What is g(25)?
9
Let u(r) = -r**3 - 8*r**2 + 4. What is u(-8)?
4
Let v(a) = 2*a**2 + 2*a + 6. Determine v(-3).
18
Let x(v) = -v**3 + 21*v**2 - 21*v + 18. Give x(20).
-2
Let s(d) = -d**3 + 15*d**2 - 15*d + 2. Give s(14).
-12
Let p(j) = j**2 + 2*j - 1. Give p(0).
-1
Let x(b) = 12*b**2 - 6*b - 5. Determine x(-3).
121
Let w(j) = -j**3 + 3*j**2 - 3*j - 9. Give w(-2).
17
Let r(c) = -c**3 + 14*c**2 - c + 6. Calculate r(14).
-8
Let b(t) = 3*t**2 + 19*t + 48. Determine b(-3).
18
Let g(o) = -63*o - 17. Calculate g(-2).
109
Let i(s) = 8*s - 23. Calculate i(2).
-7
Let i(s) = -2*s**2 + 10*s + 15. What is i(8)?
-33
Let l(y) = -y**2 - y + 5. What is l(0)?
5
Let q(r) = r**3 - 32*r**2 + 2*r - 66. Give q(32).
-2
Let q(y) = 2*y**2 + 16*y - 8. Calculate q(-8).
-8
Let c(f) = -2*f + 7. Determine c(15).
-23
Let x(i) = -i**2 + 2*i + 14. Calculate x(-4).
-10
Let f(t) = -t**3 + t**2 + t + 16. What is f(0)?
16
Let c(o) = -2*o. Determine c(8).
-16
Let n(k) = -55*k - 13. Determine n(-1).
42
Let z(m) = 3*m**2 + 14*m + 9. Give z(-6).
33
Let y(a) = -a**3 - 7*a**2 - 3*a - 10. Give y(-7).
11
Let f(o) = -6*o + 1. Give f(6).
-35
Let k(r) = -r**3 + 15*r**2 - 13*r - 11. What is k(14)?
3
Let g(d) = d**3 - d**2 - 5*d + 2. Calculate g(3).
5
Let l(b) = 5*b + 35. What is l(-7)?
0
Let c(n) = 19*n + 24. What is c(-3)?
-33
Let v(m) = -3*m**2 + 16*m - 8. Calculate v(8).
-72
Let u(p) = -7*p - 5. Give u(1).
-12
Let c(l) = -2*l**2 - 30*l - 108. Give c(-7).
4
Let g(b) = -b + 3. What is g(3)?
0
Let q(i) = i**3 + 8*i**2 - 21*i - 15. Calculate q(-10).
-5
Let g(u) = -u**2 + 3*u - 2. Determine g(-2).
-12
Let h(l) = 2*l**2 + 14*l + 17. Give h(-8).
33
Let o(q) = q + 3. Determine o(10).
13
Let c(q) = 3*q**2 + 67*q + 18. What is c(-22)?
-4
Let f(y) = -23*y - 29. Give f(-3).
40
Let k(w) = w - 10. Calculate k(12).
2
Let o(n) = n**3 + 12*n**2 - 16*n + 10. What is o(-13)?
49
Let v(t) = 2*t - 7. What is v(-5)?
-17
Let q(c) = -c**2 + 2*c + 14. Calculate q(-4).
-10
Let i(o) = -4*o - 5. What is i(-2)?
3
Let t(a) = -a**3 + 4*a**2 + 3*a - 6. Give t(5).
-16
Let n(o) = o**3 - 18*o**2 + 34*o + 8. Give n(16).
40
Let z(n) = -n + 13. Determine z(5).
8
Let s(l) = l**3 + 12*l**2 + 10*l - 3. What is s(-11)?
8
Let q(f) = -f - 5. Give q(-6).
1
Let o(g) = g**2 - 7*g - 18. Give o(10).
12
Let a(u) = -u**3 + 2*u + 14. What is a(3)?
-7
Let c(m) = -m**3 - 10*m**2 - 9*m - 10. Calculate c(-9).
-10
Let a(p) = -p**3 + 10*p**2 - p + 13. What is a(10)?
3
Let l(t) = 5*t**2 - 6*t + 4. Give l(6).
148
Let u(k) = -3*k**3 + k**2 + k + 4. Determine u(3).
-65
Let u(f) = 13*f - 249. What is u(19)?
-2
Let s(u) = 8*u - 81. Give s(15).
39
Let d(a) = a**2 + 3*a + 6. Give d(-4).
10
Let q(d) = -2*d - 13. Determine q(0).
-13
Let w(y) = y + 1. Give w(2).
3
Let x(s) = -4*s**3 + 8*s**2 + 7*s - 6. Determine x(4).
-106
Let p(s) = -s**2 - 14*s - 58. Give p(-9).
-13
Let r(x) = -x**3 - 10*x**2 - 4. Give r(-10).
-4
Let w(a) = -2*a - 4. Calculate w(10).
-24
Let x(i) = -i - 16. Determine x(-19).
3
Let t(o) = -12*o - 101. Determine t(-8).
-5
Let l(f) = 6*f**2 + 2*f + 6. What is l(3)?
66
Let r(p) = -p + 46. Determine r(22).
24
Let v(l) = 2*l**3 - 15*l**2 + 29*l - 15. Determine v(6).
51
Let p(f) = -f**3 + 5*f**2 - 4*f - 4. Calculate p(5).
-24
Let z(v) = -3*v**2 + 13*v + 10. What is z(6)?
-20
Let b(m) = -m**2 - 6*m - 6. Calculate b(-7).
-13
Let c(o) = -7*o - 13. Calculate c(-2).
1
Let c(v) = 50*v**3 - v - 1. What is c(-1)?
-50
Let o(y) = -y**2 + 4*y + 20. What is o(-5)?
-25
Let l(y) = 9*y + 1. Calculate l(-3).
-26
Let h(x) = -x**2 + 20*x + 24. Give h(21).
3
Let x(o) = -o**2 + 12*o - 25. Calculate x(10).
-5
Let g(s) = s**2 + 20*s - 16. Determine g(-21).
5
Let p(j) = -2*j**2 + 22*j - 25. Calculate p(10).
-5
Let u(v) = 73*v**2 - v. What is u(1)?
72
Let r(s) = 3*s**3 + 28*s**2 - 19*s + 13. Give r(-10).
3
Let k(t) = t**3 + 6*t**2 + 4*t + 6. Calculate k(-5).
11
Let b(k) = k**3 - 8*k**2 + 12*k - 13. What is b(7)?
22
Let x(p) = -p**2 + 14*p + 10. Determine x(12).
34
Let m(g) = -16*g**3 + g**2 - g + 1. What is m(1)?
-15
Let l(d) = -2*d - 72. What is l(0)?
-72
Let q(o) = 2*o**2 + 24*o + 52. What is q(-2)?
12
Let p(f) = -f**2 - 47*f - 63. Give p(-45).
27
Let k(t) = t + 10. Give k(-5).
5
Let x(d) = -8*d + 24. What is x(11)?
-64
Let n(m) = m**2 - 8*m + 48. Calculate n(0).
48
Let y(h) = 2*h**2 - 2*h + 2. What is y(1)?
2
Let x(h) = 5*h**3 + 2*h**2 + 2. Determine x(-2).
-30
Let x(z) = -z**3 + 57*z**2 + 116*z + 111. Determine x(59).
-7
Let y(d) = 3*d + 38. Calculate y(-12).
2
Let j(n) = n**3 + 2*n**2 - 2*n + 17. Give j(-4).
-7
Let k(l) = 15*l**3 - 1. Give k(1).
14
Let q(z) = -z**3 - 9*z**2 - 14*z + 13. Calculate q(-6).
-11
Let y(o) = o**3 + 10*o**2 + 19*o - 4. What is y(-9)?
-94
Let q(b) = b + 35. Calculate q(-17).
18
Let f(u) = -u**2 - 13*u - 16. Give f(-13).
-16
Let n(m) = m**2 - 3*m - 1. Calculate n(-2).
9
Let k(a) = a**3 + 13*a**2 - 3*a - 24. Calculate k(-13).
15
Let n(z) = 2*z**3 - 46*z**2 - 5. Calculate n(23).
-5
Let s(d) = -d**3 + 15*d**2 + 18*d - 23. What is s(16)?
9
Let g(q) = q**2 + 15*q + 54. What is g(